t k(l) = -l + 1. Let p(v) = -1. Let d(m) = -k(m) + 5*p(m). What is d(-7)?
-13
Let n(q) = -6*q + 1. Suppose v - 5*i = 4*v + 34, -4*v - 2*i = 22. Determine n(v).
19
Let f(s) be the third derivative of -s**4/8 + s**3/6 - 63*s**2. Let g be 6 - (-1 + 1 + 0). What is f(g)?
-17
Let y(u) = 2*u - 2 - 2 + 1. Let x(a) = -a + 2. Let d be x(8). Let i = d + 9. Give y(i).
3
Let q(v) = -2*v - 2. Suppose 15 - 3 = -2*y. Calculate q(y).
10
Let a(d) = -5*d**2 + 2*d + 1. Let u be (-2)/(-5*8/(-20)). What is a(u)?
-6
Let z(m) = 4*m**3 + 8*m**2 + 7*m + 1. Let v(a) = -9*a**3 - 17*a**2 - 15*a - 3. Let c(s) = 3*v(s) + 7*z(s). Give c(-4).
-2
Suppose 15*c + 12 = 19*c. Let r(n) = -4*n + n**3 - n**2 + c - 4*n**2 + 4*n**2. What is r(2)?
-1
Let m(v) = -v**2 - 2*v - 1. Let h(t) = -23*t**3 + 5*t**2 + 5*t + 3. Let f(q) = h(q) + 3*m(q). Determine f(1).
-22
Let u(x) = -x**3 + 3*x**2 - 3*x. Let z = 5 + -3. Suppose -5 = -z*b + 1. Let t(v) = -v + 5. Let l be t(b). Calculate u(l).
-2
Suppose -22*u = 34 - 12. Let a(y) be the first derivative of 5*y**2/2 + y - 1. Determine a(u).
-4
Let l = 1 + 4. Let q(i) = 9*i**2 - 17*i + 14. Let m(j) = 5*j**2 - 9*j + 7. Let g(n) = 7*m(n) - 4*q(n). Calculate g(l).
-7
Let b(z) = z**2 - z + 1. Let r = 6 - 4. Let u(q) = 6*q**2 - 6*q + 5. Let a(l) = r*u(l) - 11*b(l). Let w(v) be the first derivative of a(v). Calculate w(-3).
-7
Let q(t) be the second derivative of t**3/6 - t**2 - 2*t. Suppose -3*n + 2*n = i + 1, 3 = i + 5*n. What is q(i)?
-4
Let d(h) = 2 - 11*h + 7*h + 2*h. What is d(-4)?
10
Let q be 5/(-1)*(-11)/55. Let y(m) be the first derivative of -6*m + q - 1/2*m**2. What is y(0)?
-6
Let r(t) = -t + 1. Let z = 5 - 0. Suppose -3 = -d - 2*d, 2*m + d - z = 0. Suppose l = -m*l + 9. What is r(l)?
-2
Let z(d) = -2*d - 7. Let p be z(-4). Let y(h) = 2*h**2 - 1. Determine y(p).
1
Suppose -8 = -5*j + 27. Suppose -3 - j = -5*v. Let y(k) = 0*k + k + 1 - 3 - k**2 - 2*k. Calculate y(v).
-8
Let f(v) = -v**3 + 4*v**2 - 4. Let u = 5 + 1. Let z be (4/u)/((-2)/(-9)). Calculate f(z).
5
Let w be 19*(4 + -3 + -2). Let r = w + 13. Let t(l) = l**2 + 4*l - 3. Determine t(r).
9
Let a(b) = 4*b**2 + 5*b - 1. Let k(g) = -9*g**2 - 11*g + 3. Let o(f) = -7*a(f) - 3*k(f). Let n(r) be the first derivative of o(r). Calculate n(3).
-8
Let f be 7/3 + 2/(-6). Let i(t) = -2 - 6 - 2*t + f + 2. Calculate i(-3).
2
Let b(r) = -7*r**2 + 1. Suppose -2*z + 1 = -z. Calculate b(z).
-6
Suppose -5*z = -5*h - 45, 5*z - 26 = z - h. Let x = 5 - z. Let i be -3*(x - -1)*1. Let y(o) = o**3 - 3*o**2 + 3*o + 2. Give y(i).
11
Suppose 4*t - 16 = 0, 5*q - 12 - 1 = -2*t. Let v(p) = 0*p**2 + 0*p**3 - p + q - 2*p**2 + p**3. Suppose 0 = -148*n + 149*n - 2. Determine v(n).
-1
Suppose 0 = 4*u - 2*j + 6, 4*j = -j + 25. Let g = u + -3. Let o(p) = p**3 + 5*p**2 + 3*p. Calculate o(g).
6
Let k(b) = 2*b - 3. Let v(r) = 4*r - 6. Let g(q) = -7*k(q) + 4*v(q). Give g(3).
3
Let z(n) = -n**2 - 7*n - 5. Suppose -12 = 3*i + 6. Calculate z(i).
1
Let f be (-6 - -5)/(1/1). Let o = -3 - f. Let g(n) = n**2 + 3*n - 2. What is g(o)?
-4
Let z(i) = 2*i**3 - i**3 - 2*i - 5*i + 3 - 4*i**2. Suppose 4*y = 12, -2*n + y + 2*y = 21. Let t = -1 - n. Calculate z(t).
-7
Let m(h) = -h**2 - 3*h + 5. Let l(s) = -s**3 + 4*s**2 - 2*s + 2. Let f be l(4). Give m(f).
-13
Let v(r) = 4 - r**2 - 22 + 7 + 7*r + 10. What is v(6)?
5
Let y = -2 - -2. Suppose -2*j + 0 + 10 = 4*i, -9 = -4*j + 3*i. Let r(k) = -j - 3 + 9 - k**3 - k**2. What is r(y)?
3
Let b = -57 - -58. Let v(y) = 4*y**3 - y**2 + 1. What is v(b)?
4
Suppose -j + 44 = 10*j. Let w(f) = -f**2 - 6 + 2*f**2 + 2 - f. Calculate w(j).
8
Let c(a) = -1 + a**2 - 4 + 3. Let z be 15/(-7) + 9/63. Calculate c(z).
2
Let j(y) = -5*y + 1. Let m be 4/(-6)*(-1 + -2). Suppose 0 = -m*i - 0 - 6. What is j(i)?
16
Let x(c) be the second derivative of 2*c**4/3 - c**2/2 + 25*c + 1. Give x(1).
7
Let s(j) be the first derivative of -j**4/2 + j**3/3 + j**2/2 + 37. Give s(-2).
18
Let i(b) = -b**3 + b + 1. Let u(m) = m**2 - 3*m + 3. Let n be u(2). Let w(j) = 4*j**3 - 4*j**2 - j - 7. Let f(c) = n*w(c) + 3*i(c). Give f(4).
4
Let u = -9 - -13. Let b(j) = -1 + 1 + 1 - u - j. What is b(4)?
-7
Suppose 0 = 5*w + 25, -6*t + 4*t = -w + 7. Let c = t - -8. Let j(u) = 2*u + 1. Determine j(c).
5
Suppose 16*v = 12*v + 12. Let i(q) = -q**2 + 3*q + 1. What is i(v)?
1
Let w(h) be the first derivative of 0*h + 0*h**2 - 1/360*h**6 - h**3 - 5/24*h**4 - 3 + 7/120*h**5. Let l(m) be the third derivative of w(m). Give l(5).
5
Let k(u) = -u**3 + 4*u**2 - 2*u - 2. Let s be -3*(-4)/(-6)*-3. Suppose -s = -5*p + 24. Let d = 8 - p. What is k(d)?
2
Let f(r) = -r**3 + 4*r**2 - r + 2. Let s be f(4). Let o(w) be the first derivative of -w**4/2 - 2*w**3/3 - 2*w + 2. What is o(s)?
6
Let l = 6 + -3. Let u(n) = -l + 1 - n + 1. Suppose -2*v = -7*v. What is u(v)?
-1
Suppose -9 + 25 = 2*m. Suppose -2*g + 4*g = -m. Let r(w) = -2*w**2 - 7*w - 4. Give r(g).
-8
Let n(b) = 7*b + 2. Suppose -3*k - 21 = d + 2*d, 3*k - 4*d - 14 = 0. Give n(k).
-12
Let g(s) = -s**2 + 6*s + 4. Suppose -130 = -2*u + 4*i, 0*u - 3*i = -u + 62. Suppose -u = -3*r + 13. Suppose 3*n = -4*o + 9, 3*o - 3*n = -n + r. What is g(o)?
4
Suppose 2*x = 6*x. Let u(m) = m**2 + 3. What is u(x)?
3
Let l(z) = z + 5. Let o(c) = 4*c + 15. Let j be o(-5). Determine l(j).
0
Let c(j) be the third derivative of 1/6*j**3 - j**2 + 5/24*j**4 + 0*j + 0. Suppose 2*s + 2 = -0*s + h, -s + 3*h - 1 = 0. Determine c(s).
-4
Let o be (10/3)/((-7)/(-3) - 3). Let i(h) = h + 1. What is i(o)?
-4
Let p(d) = d + 5. Let z be p(-3). Let q(m) = 2 - 3*m**2 - m**z + 6*m**2 - m. Calculate q(2).
8
Let d = -29/7 + 1747/420. Let x(p) be the third derivative of 0 + 4*p**2 + 0*p - 5/24*p**4 + d*p**5 + 1/6*p**3. What is x(5)?
1
Let w(r) = 147 - 156 + 2*r - 5*r. Determine w(-6).
9
Let k be 2/4*2*5. Let a = 1 - -1. Let v(o) = o**3 - k*o**2 - a*o + o + 6*o - 3. Give v(3).
-6
Let z(u) = -2*u**2 - 3*u - 1. Let f = 67 - 69. Calculate z(f).
-3
Suppose -5*a = 2*k + 9, -2*k + 3 + 12 = -3*a. Let x(j) = -11 - j**3 + 7*j**3 - 5*j**3 + k. Determine x(0).
-8
Let s(h) = 2*h**2 - 2*h - 1. Let k be (-9)/27 - (-7)/3. What is s(k)?
3
Let k be 2/(-24)*6/(-6). Let f(m) be the second derivative of 3*m + 0 + 2/3*m**3 + 1/2*m**2 - k*m**4. What is f(5)?
-4
Let m(z) = z**3 - 7*z**2 + 6*z - 6. Let j = -51 + 57. Calculate m(j).
-6
Let j = -13 + 10. Suppose 0 = -x - 4, 0 = 2*g - g - 5*x - 24. Let u(t) = -3*t + g - t**2 - 2 - t. Determine u(j).
5
Let y(f) = -f**3 - 2*f**2 + 2*f - 3. Let u be y(-3). Suppose 3 = -u*k - 3*k. Let c(b) = 5*b + 1. Give c(k).
-4
Let b(i) be the first derivative of -i**2/2 + 7*i - 5. What is b(3)?
4
Let z(l) be the second derivative of l**4/12 + 7*l**3/6 + 5*l**2/2 + 14*l. Give z(-4).
-7
Let q(o) be the third derivative of -o**6/120 - o**5/20 + o**4/6 - 8*o**2. Suppose -2*x = -3*i + 13, 5*i + 1 = -x + 14. Let b = -6 - x. What is q(b)?
0
Let c(n) = 4*n + n - 3*n. Calculate c(4).
8
Let l(h) = -16 + 21 - 9 - 3*h + 2*h. Suppose 0 = -n + 2*p - 3, 9*p - 5 = 4*p. Let r be (3 - n)*(-3)/2. What is l(r)?
2
Suppose -33*v = -38*v + 25. Let i(h) = -3*h + 6. Calculate i(v).
-9
Let f(i) = i**2 + 2*i + 7. Let p = -18 + 18. Give f(p).
7
Suppose 0 = -3*k - 7 + 1. Let d be k/(-8) + (-55)/(-20). Let w be (-6)/4*-2 - d. Let x(y) = y**3 - y**2 - 1. Calculate x(w).
-1
Let v(p) = -p**3 + 4*p**2 + p. Let x = 12 - 9. Determine v(x).
12
Let a(v) = v + 1. Let g(c) = -12*c - 18. Let p = -22 + 7. Let i(f) = p*a(f) - g(f). Determine i(3).
-6
Let l(n) = n**2 + 6*n + 4. Let m(r) = -r - 3. Let z be m(1). Determine l(z).
-4
Let j(s) be the first derivative of -2*s + 1/3*s**3 + 2*s**2 - 3. Determine j(-4).
-2
Suppose 3*r - 6 = -0. Let u(c) = 4 - 3 - 1 + r*c + 4. Determine u(-5).
-6
Let a(u) be the second derivative of u**3/2 + u**2/2 + 3*u. What is a(2)?
7
Let p(m) be the third derivative of -1/6*m**3 + 0*m + 0 - 1/24*m**4 - 2*m**2. What is p(5)?
-6
Let z(g) = 6*g**3 - 6*g**2 + 3*g - 6. Let i(c) = -7*c**3 + 7*c**2 - 4*c + 7. Let v(y) = 5*i(y) + 6*z(y). Give v(3).
11
Suppose 5*n + 0*n = 10. Let q(k) = -2*k + k - n*k + 3. Give q(3).
-6
Suppose 0 = -d + 2. Let h = -6 + d. Let z(g) = g**3 + 6*g**2 - 2*g + 1. Let t(p) = -p**2 + p + 1. Let b(n) = -2*t(n) - z(n). Give b(h).
-3
Let s = -17 - -11. Suppose 0 = -0*r - 2*r + 4. Let c(v) = -2 + 6*v - v**r - 3*v**2 + 5*v**2. Calculate c(s).
-2
Let m(f) 